hest common divisor of c and h?
9
Suppose 5*g - y = -1335, 0*g - 1068 = 4*g + 5*y. Let t = 397 + g. What is the greatest common divisor of 10 and t?
10
Let j be (1/(2/(-6)))/((-3)/10). Suppose 80 = j*v - 6*v. Let n be (-24*6/v)/((-6)/40). What is the greatest common factor of n and 12?
12
Let p = -2458 - -2575. What is the highest common divisor of 99 and p?
9
Let p be (-9)/45 + ((-10530)/(-25) - 3). What is the greatest common factor of 380 and p?
38
Let m = 546 + -541. Suppose m*p + 15 = 10*p. Calculate the highest common factor of p and 3.
3
Suppose c - 28 = 84. Let y be (-22)/(-2) - (3 + 564)/81. Calculate the greatest common factor of y and c.
4
Suppose -2*d + 55 + 53 = 0. Suppose -35*y + 120 = 24*y + y. Calculate the highest common factor of y and d.
2
Suppose -182*i + i + 97257 = 7662. What is the highest common factor of 162 and i?
9
Let h = 292 + -298. Let o be 3/(-2)*(-4)/h*-3. What is the highest common factor of o and 39?
3
Let l = 114 + -179. Let c be 2 - (2/5 - (-5681)/l). Suppose c = 2*x + 33. What is the highest common divisor of x and 4?
4
Suppose -5*x - 2*l + 14 = 0, -2 = -3*l + 4. Let c(n) = -n**2 + x*n + 25*n + 4*n - 3*n + 53. Let v be c(26). Calculate the highest common divisor of v and 42.
21
Let a = -60 - -53. Let y be a - (-31 + (-6)/(-3)). Calculate the greatest common divisor of 110 and y.
22
Let d(m) = m**3 - 8*m**2 - 59*m + 66. Let q be d(13). What is the highest common divisor of q and 2928?
48
Let g(s) = 24*s + 125. Suppose 0 = 5*y + 24 + 1. Let w be g(y). What is the highest common factor of 45 and w?
5
Let o = -15340 - -18790. What is the greatest common divisor of o and 150?
150
Suppose 4*x + 2*r = 208, 2*x + 12 = -4*r + 98. What is the greatest common divisor of 45 and x?
5
Let a be 185/(-1)*(-75)/375. Let q = -80 + 376. Calculate the highest common divisor of q and a.
37
Let q(m) = 2*m**3 + 91*m**2 - 52*m - 229. Let r be q(-46). Calculate the greatest common factor of r and 9541.
47
Let r = 1966 + -1801. Calculate the greatest common factor of 110 and r.
55
Let l be 30/50 + (-6)/10. Suppose l = -22*c + 143 + 55. What is the highest common factor of c and 288?
9
Suppose 97 - 292 = -3*b. Suppose 46*y - b*y = -570. Calculate the greatest common divisor of 12 and y.
6
Let c(j) = -10*j + 154. Let a(f) = -f**3 + 3*f**2 + f + 7. Let y be a(3). Let q be c(y). Calculate the highest common divisor of q and 864.
54
Suppose 5*m + 2*b - 332 = m, 0 = 4*m - 5*b - 360. Let q be (-9)/(-15) + 1819/m. Suppose -2*p = -16 - 6. Calculate the highest common factor of q and p.
11
Let b = 42 + -40. Suppose -b*f = -f + 1. Let v be (0 - (f + -1)) + 1 + 17. Calculate the greatest common divisor of 2 and v.
2
Suppose 7*r + 16*r = 506. Let n(o) = 4*o - 3. Let i be n(3). Let y = 11 - i. Calculate the highest common divisor of r and y.
2
Let j(m) = m**3 + 14*m**2 - 37*m - 45. Let l be j(-16). What is the highest common factor of l and 63?
7
Suppose -23*v = -20*v - 549. Let b = v - 137. What is the highest common divisor of 115 and b?
23
Let q = -34859 + 35339. Calculate the greatest common divisor of q and 588.
12
Let t = 3328 + 4415. What is the greatest common divisor of 348 and t?
87
Suppose 0 = -46*j + 64 + 28. Calculate the highest common divisor of j and 26.
2
Let n = -2746 + 3576. Calculate the highest common factor of n and 83.
83
Let u be 1/(3*(-1)/36). Let y(w) = 957 - 27*w - 493 - 491. Let m be y(u). Calculate the highest common factor of 33 and m.
33
Let r be (9/(-15) - 1)*(-7875)/252. Let p = 2 - 0. What is the greatest common factor of p and r?
2
Suppose 0 = 3*t - 4*n + 10, 3*t - 102*n + 14 = -97*n. Calculate the highest common factor of 3273 and t.
1
Let f(b) = -522*b**3 + 6*b**2 - 36*b - 85. Let y be f(-2). Calculate the greatest common factor of 79 and y.
79
Let z = -20 - -24. Suppose -4*u + 1956 = l, z*u - 31*l + 33*l - 1960 = 0. What is the highest common factor of 8 and u?
8
Suppose 50*g - 49 - 356 = 1395. Calculate the highest common factor of g and 4014.
18
Let u(w) = 4*w**3 - 33*w**2 + 10*w - 21. Let n be 2/(-5) - (114/(-10) - -2). Let j be u(n). What is the greatest common divisor of 24 and j?
24
Let n be (24/9)/((-2)/(-489)) + -3 - -1. What is the greatest common divisor of 26 and n?
26
Let s(j) = -j**3 - 9*j**2 + 12*j + 54. Let n be s(-12). Suppose 0 = 9*p - n. Calculate the highest common divisor of 38 and p.
38
Let h = 205 + -175. Suppose 11*f - h = 6*f. Let o = 8 - 7. Calculate the highest common factor of o and f.
1
Let q = 126 + -90. Let f = 57625 + -57617. Calculate the highest common factor of f and q.
4
Let m = 589 + -581. Suppose -2*l + 870 = -7*x + m*x, 5*x = -4*l + 1728. Calculate the greatest common factor of 46 and l.
23
Let c be (-864)/(-21) - (0 + 4)/28. Let w = -31 + c. Let i be 12/(-24) - 61/(-2). Calculate the greatest common divisor of w and i.
10
Suppose -11*y + 66 - 11 = 0. Let i(a) = a**2 + 4*a - 13. Let o be i(-6). Let p be 20/(-6)*o/y*117. Calculate the greatest common divisor of p and 39.
39
Suppose 260*z - 263258 = -86458. Suppose 88 = 3*j - 32. What is the greatest common factor of z and j?
40
Let f = 13 + 55. Let q be 2 + f/11 + (-34)/187. Let y = 92 + 12. Calculate the highest common factor of y and q.
8
Let b = 16351 + -9433. What is the greatest common factor of 6 and b?
6
Let c(h) = -h**3 - 13*h**2 + 57*h + 17. Suppose -2*n - 5*p - 29 = 0, -4*n - p = 4*p + 63. Let i be c(n). Calculate the highest common divisor of i and 12.
12
Let x(c) = c + 26. Let t be x(-18). Let z(m) = -2*m**3 + 15*m**2 + 12*m + 8. Let k be z(t). Calculate the highest common divisor of 8 and k.
8
Let n = -199 - -209. Let a = 28 - 23. Suppose -450 = -5*y + 2*t + t, 0 = y + a*t - 90. Calculate the highest common divisor of y and n.
10
Let o(u) = u**3 + 7*u**2 - 42*u + 27. Let x be o(-11). Suppose 3*f = -4*d + 1225, -f - 1523 = -x*d - 2*f. Calculate the greatest common factor of 38 and d.
38
Suppose -3*b = 4*t - 161, b - t + 4 = 60. Let m be (-4290)/104*8/(-10). What is the greatest common factor of m and b?
11
Let a = 26 + -26. Suppose 3*z = -0*f - 4*f - 93, f - 5*z + 29 = a. Let v be (-5)/(140/f)*70. Calculate the greatest common factor of v and 20.
20
Let s = -12 + 25. Let f be (-6)/3 + (-539)/(-7). Let k = 88 - f. What is the greatest common divisor of k and s?
13
Let z be (-1807)/(-3)*(-30 + 69). What is the highest common factor of z and 278?
139
Let v be (9/2)/((-170)/(-2380)). Let n = 121 - 16. What is the highest common divisor of n and v?
21
Suppose -5*u = -4*k - 25, -3*u - k + 13 = -2. Let l = 30 - u. What is the highest common divisor of l and 200?
25
Let g = 23 + -35. Let i be ((-3)/2)/(g/(-32)). Let m = 41 - i. Calculate the greatest common factor of 9 and m.
9
Suppose -3*k + 4122 = -2*t - 1939, 4*t = -32. What is the greatest common factor of 3565 and k?
155
Suppose 7*p - 8*p = -4*o + 11, -5*o + 19 = 4*p. Let g be o/(-2 + (5 - 549/186)). Calculate the highest common factor of 2 and g.
2
Suppose 8988 + 1116 = -24*i. Let o = 561 + i. What is the highest common factor of o and 42?
14
Let a = 4271 + -3713. What is the highest common factor of 1023 and a?
93
Let p = 2563 + -1723. What is the greatest common divisor of 4830 and p?
210
Let s be (4/5)/(22/(-495)). Let v be ((-6)/(-15))/(s/(-15))*873. Suppose -d - 383 = -4*r, r - 4*r + v = 3*d. What is the highest common divisor of 24 and r?
24
Let y(d) = 5*d**2 - 4*d**2 + 13*d - 5*d + 0*d**2 - 3*d**2 + 157. Let z be y(-7). Let l be 212/18 - (-4)/18. What is the greatest common factor of z and l?
3
Let l(p) = -59*p**3 - 6*p**2 - 21*p - 10. Let y be l(-2). What is the greatest common divisor of y and 228?
12
Suppose 662 = 5*r - 238. Calculate the highest common divisor of 230 and r.
10
Suppose 3*w = -p + 8, 15*w - 12*w = 5*p - 4. Suppose y + 3*t - 10 = 0, -2*y - w*y + 2*t = -68. What is the highest common factor of 216 and y?
8
Let s(n) = -4*n**3 + n**2 - 2*n - 2. Let g be s(-1). Suppose -5*h = -3*y - 2, 0 = -2*h + 4*y + g - 7. Calculate the highest common factor of 23 and h.
1
Let l be (-4422)/469*1*-7. Calculate the highest common factor of l and 638.
22
Let j be 384/(-28) - (-6)/(-21). Let b = 13 - j. Suppose -54 = 56*h - 74*h. What is the highest common factor of b and h?
3
Suppose -39*y = -98*y - 74*y + 9842. What is the highest common factor of 5254 